) is divided by 7.
3
Let w = 117 - 116. Let q(n) = 15*n**3 - 3*n**2 + 3*n - 1. Calculate the remainder when q(w) is divided by 3.
2
Let r be (5259/(-92) + 10/(-115))*12. Let q = -640 - r. Calculate the remainder when 81 is divided by q.
34
Suppose -3*r + 2*m - 913 = 0, -386 + 91 = r - 3*m. Let d = 323 + r. What is the remainder when 414 is divided by d?
14
Suppose 796 = -121*n + 4063. Calculate the remainder when 431 is divided by n.
26
Let n(b) = -7*b + 3*b + 5*b + 0*b + 30*b**2 - 3. What is the remainder when n(2) is divided by 30?
29
Suppose 2*m + 300 = -m. Calculate the remainder when m/350 + 2622/14 is divided by 7.
5
Suppose -16*j + 210 = 122 - 40. Suppose -258 = -4*p + p. Calculate the remainder when (-2)/(-3) + p/6 is divided by j.
7
Suppose 0 = 23*i + 2622 - 1798 - 15038. Calculate the remainder when i is divided by 149.
22
Let t be 34/(-119) + 228/14. Let a be (-386)/t - 18/(-144). Calculate the remainder when 80 is divided by a + 22 + 1*29.
26
Let b = 10703 + -10692. What is the remainder when 802 is divided by b?
10
Let u be (-2)/9 + 54520/(-90). Calculate the remainder when (u/8)/((-93)/496) is divided by 29.
27
What is the remainder when ((-103 - -1)/1)/((25 - 14)/(-33)) is divided by 5?
1
Suppose 17 = -v + 4*v - 4*n, 2*v + 4 = -5*n. Suppose 5*l + v = -2*h + 20, -2*l = 4*h - 26. Calculate the remainder when 6 is divided by h.
0
Let d be (5 - 147)/(4/(-16) - 0). Let q = -546 + d. What is the remainder when 392 is divided by q?
18
Calculate the remainder when 155 is divided by (-12)/3*((-84)/16 + -2).
10
Suppose -w = -7 - 5. Suppose 5*g = -v - 374 + 1321, 4*g - v = 754. What is the remainder when g is divided by w?
9
Let o = 2969 + -2909. What is the remainder when 4737 is divided by o?
57
Let w = 39 + -59. Let z = w - -47. Let y = 69 - z. What is the remainder when y is divided by 15?
12
Let y(d) = -27*d + 34. Let v(h) = -h - 1. Let x(q) = -5*v(q) - y(q). What is the remainder when x(4) is divided by 4?
3
Let j(g) = g**3 - 9*g**2 - 19*g + 102. Let h be j(10). Suppose -h*t + 0*t = -72. Calculate the remainder when 99 is divided by t.
3
Let b = 54 + -262. Let w = 237 + b. What is the remainder when w is divided by 2?
1
Suppose 505*o = 499*o + 156. Suppose 5*y - 765 = 5*x, 2*y - 267 = -x + 45. What is the remainder when y is divided by o?
25
Let a = 1329 - 1315. Calculate the remainder when 77 is divided by a.
7
What is the remainder when 121*(-20)/(-220) + 8239 is divided by 7?
4
Suppose -4*m + 64*d = 61*d - 1906, 5*m = 2*d + 2386. What is the remainder when m is divided by 37?
34
Suppose 17*u - 330 = 22*u. Let v = u + 78. Suppose -v = 2*o - 30. Calculate the remainder when 25 is divided by o.
7
Suppose -87*x = -100*x + 338. What is the remainder when 222 is divided by x?
14
Let n(j) = -32*j**2 - 270*j - 47. What is the remainder when 1224 is divided by n(-7)?
124
Let g be -2 - ((-2)/3 - (-130)/(-30)). Suppose 4*a - a + 5*h - 106 = 0, g*a = 4*h + 88. Calculate the remainder when a is divided by -10*((-42)/10 + 3).
8
Let i(r) = -r**2 + 6. Let s be i(0). Suppose 11*z - s*z = 395. Let p = z - 32. What is the remainder when p is divided by 16?
15
Let f = -3674 - -6068. Calculate the remainder when f is divided by 134.
116
Suppose -2*t - 12 = -2. Let r = -10 + t. What is the remainder when 22/165 + (-928)/r is divided by 16?
14
Let x = 61 - 14. Let p be (277/(-3))/(12/(-36)). Let t = p + -260. Calculate the remainder when x is divided by t.
13
Let d = 21 + 84. Suppose -4*j = -4*n - d - 103, 199 = 4*j + 5*n. Calculate the remainder when j is divided by 17.
0
Suppose 70 = -41*q + 55*q. Suppose 0 = -w - h + 53, -q*w = 2*h - 351 + 95. Calculate the remainder when 117 is divided by w.
17
Suppose 10 = 2*y, 0 = 77*a - 74*a + 2*y - 199. What is the remainder when 314 is divided by a?
62
Let c = 860048 - 859981. Suppose -155 - 373 = -4*t. What is the remainder when t is divided by c?
65
Suppose -i + 6*i = -4*o + 15, 2*i - 4*o + 22 = 0. Suppose -5*z - 3*w = -70, -3*z = 4*w - 33 - 9. What is the remainder when z is divided by i/(-6) - 770/(-132)?
2
Let z(s) = -s**2 - 27*s + 31. Let b(l) = -7*l**2 - 12*l - 23. Let a be b(-2). Calculate the remainder when 78 is divided by z(a).
16
Let u = 14536 - 14521. What is the remainder when 888 is divided by u?
3
What is the remainder when 396 is divided by ((-14)/(-35))/(1/60 + 0/40)?
12
Let m = -213 + 435. Let u = m - 192. What is the remainder when u is divided by 12?
6
Suppose 0 = 58*x - 112*x + 312768. What is the remainder when x is divided by 61?
58
Let n(g) = -28*g + 26. Suppose -i = -5*b + 4*i + 230, -5*b + 2*i + 218 = 0. What is the remainder when n(-8) is divided by b?
40
Let h(o) = -47*o - 423. Calculate the remainder when 1312 is divided by h(-11).
90
Suppose 672*y - 419*y + 3813 = 376*y. Let p = 240 - 121. Calculate the remainder when p is divided by y.
26
Let a = -3521 - -3532. Calculate the remainder when 109 is divided by a.
10
Suppose 5*n + 966 = 2*l, 5*n = 3*l - 892 - 557. Suppose -39 = 2*b - 3. Calculate the remainder when l/b*-3 + 2/4 is divided by 23.
12
Let t be 13/(13/(-8)) + 11. Suppose -5*a - 1494 = -3*c, -t*a - 1142 = -2*c - 147. What is the remainder when c is divided by 33?
31
Suppose 0 = 775*u + 356*u - 261261. Let f = -25 - -97. What is the remainder when u is divided by f?
15
Suppose -186*h + 217 = 5*p - 189*h, -p + h + 45 = 0. Let b = -418 - -701. Calculate the remainder when b is divided by p.
37
Let v(n) = -26*n + 20 - 25*n + n**2 + 47*n. Calculate the remainder when 34 is divided by v(4).
14
Let l(p) = -7*p**2 + 6*p**2 - 25 + 5*p**2 - 3*p**2 - p - p. Calculate the remainder when 67 is divided by l(-5).
7
Suppose -3*p = -5*g + 19, 3 + 24 = 5*g + p. Let d(y) = -y**3 + 5*y**2 + 5*y - 3. Calculate the remainder when 60 is divided by d(g).
16
Let m(b) = -b**3 + 4*b**2 + 4*b - 1. Let h be (-308)/140 - (-1)/5. What is the remainder when 59 is divided by m(h)?
14
Let p = 6641 + -6515. Calculate the remainder when p is divided by 36.
18
Suppose -4*b + 8 = 4*w, 4*w - 4 = -2*b + w. Let r(t) = 5*t + 15*t**2 + 16*t**3 - 3*t + 5*t - 14*t**3 + 8. Calculate the remainder when r(-7) is divided by b.
0
Calculate the remainder when 2206 is divided by (960/384)/(1/(-30)*-3).
6
What is the remainder when 23624 is divided by (-2 + 4)*243/18?
26
Suppose 2646 = -2*b + 3118. Calculate the remainder when b is divided by 40.
36
Suppose -5*b + 5*t = -405, -213*b + 245 = -210*b - t. What is the remainder when 3769 is divided by b?
79
Let t = 118 - 65. Let r = t - 51. Suppose k + 4 = -3*q + 29, -k = r*q - 17. Calculate the remainder when 39 is divided by q.
7
Suppose -4*s - 24 = -7*s. Let h(y) = -2*y**2 + 22*y - 7. What is the remainder when h(s) is divided by 4?
1
Let p = 9115 - 8920. Calculate the remainder when p is divided by 12.
3
Let o(l) = 3*l**2 - 12*l + 1. Let k be o(4). What is the remainder when 4*k/3 - (-2992)/132 is divided by 10?
4
Suppose 21*t + 35*t - 1016 = 7104. What is the remainder when 5654 is divided by t?
144
Let d(f) = 54*f + 22. Let t be d(-4). Let u = t + 210. Calculate the remainder when 44 is divided by u.
12
Let b(k) = -3*k + 4. Let m be b(5). Let n(s) = 924*s**2 - 2*s - 10*s - 925*s**2. Calculate the remainder when n(m) is divided by 6.
5
What is the remainder when 1143 is divided by 2/(-12)*-4 + (-856)/120*-10?
63
Suppose 3*h - 2*q = 204, 129*q - 738 = -11*h + 133*q. Calculate the remainder when 195 is divided by h.
63
Suppose 2*t + 160 = -528. Let f be 16/12 - t/3. Suppose -157 = -5*v + 3*p - 4*p, f = 4*v + 4*p. Calculate the remainder when 158 is divided by v.
30
Let i = 161 - 158. Suppose 169 = i*d + 5*u, -5*u - 40 - 109 = -3*d. Calculate the remainder when 421 is divided by d.
50
Suppose 4*g = 583 + 545. What is the remainder when 340 is divided by g?
58
Let n(t) = t**2 - t - 148. Let c be 0*(6/9 + (-2)/6). Let u be n(c). Let h = -132 - u. Calculate the remainder when h is divided by 6.
4
Suppose 2*l = -m - 2 - 3, 2*m - 2*l = 14. Suppose 2*j - 868 + 228 = m*x, 5*j - 3*x - 1591 = 0. Calculate the remainder when j is divided by 64.
61
Suppose -8001 = 232*k - 266*k + 99847. Calculate the remainder when k is divided by 1041.
49
What is the remainder when 292 is divided by (255/36 + (-9)/12)*(-19 + 46)?
121
Let w = 1 + 2. Let h = w - -49. Suppose 7*i - 9*i - c + 67 = 0, 